996/24 + (-29)/(-174). Calculate the highest common factor of i and 90.
15
Suppose -2*n = -4*v - 32, 6*n + 3*v - 15 = n. Let i(f) = 6*f**2 - 11*f - 6. Let q be i(n). What is the highest common factor of 18 and q?
18
Suppose -p + 72 = 5*n - 10, -4*n = 2*p - 62. What is the highest common factor of n and 629?
17
Let g(b) be the first derivative of -3*b**4/4 + 5*b**3/3 - 3*b**2 - 4*b + 16. Let u be g(-3). Calculate the greatest common factor of 56 and u.
28
Suppose 4*p - 1477 = -5*z, -4*p + 343 = -3*p - 4*z. Suppose 0 = 2*w + 97 - 163. Calculate the highest common divisor of w and p.
33
Let j(k) = 52*k + 127. Let q be j(4). Calculate the highest common divisor of 67 and q.
67
Suppose 0 = -3*u - 0 + 6. Suppose u*a - 5*r + 18 = a, -5*a - 2*r + 18 = 0. Calculate the highest common divisor of 5 and a.
1
Let x be (-48)/10 + 1/(-5). Let j = -4 - x. Let s be 1*(-2 - j) + 7. What is the greatest common factor of 4 and s?
4
Let j be ((-4)/(-8) + -1)*-2. Let y(o) = 14*o**2 + o. Let b be y(j). Calculate the highest common factor of 60 and b.
15
Let x = -344 - -599. What is the greatest common divisor of x and 51?
51
Let y = 189 - 132. Suppose 3 = 6*k - y. What is the greatest common factor of 4 and k?
2
Let r = -26 + 27. Let t be (-426)/(-8) + r/(-4). Suppose t = 2*h + 11. Calculate the greatest common divisor of 14 and h.
7
Let d = -72 - -160. Let m be 90/(-36)*16/(-5). Calculate the highest common divisor of m and d.
8
Suppose -5*x = -10, -3*j + 4*x + x + 5 = 0. Suppose j*w = 199 + 76. Let s = -7 - -12. Calculate the greatest common factor of w and s.
5
Let t be 69/18 - (-5)/30. Suppose 5*z + t*u - 2 = 2*z, 0 = 2*z - 4*u - 28. Let c be (-530)/(-11) + (-14)/77. Calculate the highest common divisor of z and c.
6
Let c(l) = -l**3 + 6*l**2 - 5*l + 4. Let b be c(5). Suppose -j + 44 = -b. Calculate the highest common factor of 120 and j.
24
Suppose -828 = 33*k - 79*k. Calculate the highest common factor of 774 and k.
18
Suppose 4*p - 8*p = -12. Suppose p*r - 19 = -2*w, 0*r - 5*r = 4*w - 33. Let g be (-2 - w) + 2 + 4. Calculate the greatest common factor of 8 and g.
2
Suppose -1329 = -22*s + 189. What is the highest common factor of 92 and s?
23
Suppose -4*l + 3*d = -3*l - 69, 2*l + 3*d - 183 = 0. What is the highest common divisor of 42 and l?
42
Let a(c) = 5*c + 4. Let h be a(0). Suppose 4*p + 0 = h. Calculate the highest common divisor of p and 8.
1
Suppose 210 = 3*s - 0*s. Let m = 72 - 70. Suppose 0 = -m*x - 10 + 30. What is the highest common divisor of s and x?
10
Suppose -3*p + 4*z = 2*p - 50, 4*p = -z + 40. What is the greatest common factor of 15 and p?
5
Let v(c) = 2*c**2 - 6*c + 3490. Let h be v(0). Calculate the greatest common factor of 10 and h.
10
Suppose 6 = -2*w - 12. Let b = 16 + w. Let q(r) = r**3 - 6*r**2 - 6*r + 7. Let g be q(b). What is the highest common factor of g and 154?
14
Let z = 215 - 127. Let t(y) = 32*y - 22. Let q be t(4). Let v be q/14 - 57/(-133). Calculate the highest common divisor of z and v.
8
Let z(c) = -119*c - 3. Let s be z(-5). Calculate the greatest common factor of s and 32.
16
Let h = 66 + -52. Suppose -3*x = 2*b - 12, -b + h = b + 2*x. What is the greatest common factor of 63 and b?
9
Suppose 13*y = 2835 - 261. Calculate the highest common divisor of y and 18.
18
Let o be 15 - 2/(-2)*-3. Suppose 4*s - 36 + o = 0. Suppose -s*w + 5*z = -w - 135, 52 = 2*w - 4*z. What is the highest common divisor of 56 and w?
28
Let f be (-6)/(-16) - 3922/(-592). Let p(d) = d**3 + 6*d**2 - d + 1. Let l be p(-5). Let z = -17 + l. What is the greatest common factor of f and z?
7
Let k(r) = r**2 - 12*r + 7. Let h be k(12). Suppose 781 + 143 = h*u. Calculate the greatest common divisor of 12 and u.
12
Suppose -18 = -27*g + 21*g. Suppose 2*c = 2*o + 4 + 102, g*o + 259 = 5*c. What is the greatest common divisor of 10 and c?
10
Let d(s) = -s**2 + 8*s + 1. Let i be d(7). Suppose 0 = -i*r + 3*r + 440. What is the greatest common factor of r and 22?
22
Let j(m) = 76*m**2 - 15*m - 29. Let t be j(7). Calculate the highest common divisor of t and 10.
10
Let j(t) = -t**3 + 6*t**2 - 2*t - 22. Let b be j(5). Let p be 110/2 + 35/b. Calculate the greatest common factor of 5 and p.
5
Let x = 2665 - 2663. What is the highest common factor of x and 298?
2
Let l(g) = g**2 - 4*g - 116. Let n be l(12). Suppose 0*p - 15 = -3*p. Let j be p/n - (-196)/16. Calculate the highest common divisor of 36 and j.
12
Suppose 3*f - 111 = 186. Calculate the highest common divisor of f and 9.
9
Suppose -3*n = 11 + 7. Let u(b) = b + 8. Let q be u(n). Suppose -12 = -a + 2*f + 1, -2*f = 2*a - q. What is the greatest common divisor of 25 and a?
5
Suppose -2*i - 3*i + 65 = v, 2*v - 98 = -2*i. Let h = 1 + -11. Let q be h/(-5) - 7*-1. Calculate the highest common factor of q and v.
9
Let i = 2114 - 2110. What is the greatest common divisor of 90 and i?
2
Let r = -34 - -59. Let h be 129 + (-20)/(r/(-5)). What is the greatest common factor of h and 19?
19
Let g = -236 + 380. Let o = 205 - 19. Let m = 204 - o. Calculate the greatest common factor of m and g.
18
Let y be 1*((-21)/(-3) - 2). Let f = y + -3. Let c = 386 + -368. What is the greatest common factor of c and f?
2
Let v(t) = -t**3 - 6*t**2 + 13*t. Let l be v(-8). Calculate the highest common divisor of l and 456.
24
Let h = 330 + 300. What is the highest common divisor of 54 and h?
18
Suppose -4*z = -2*b + 6, 4*z + 6 = z + 2*b. Let x be 2 - (-6)/(-3) - z. Suppose x = -5*i + 29 + 11. What is the highest common factor of i and 72?
8
Let m(k) = k**2 + 17*k + 9. Let b be m(-16). Let i(c) = -2*c - 10. Let p be i(b). Suppose -p*f + 0*f + 440 = 0. What is the greatest common factor of f and 10?
10
Suppose 32*l - 56 = 392. What is the greatest common divisor of 70 and l?
14
Let r(o) = 59*o**2 - 5*o - 16. Let l be r(-2). What is the greatest common divisor of 46 and l?
46
Let q(y) = y**2 + 13*y - 270. Let u be q(-25). Let j = 31 + -16. Calculate the greatest common factor of u and j.
15
Let j be ((-9)/6)/(6/(-40)). Suppose -2*p + 41 + 9 = 0. Let i be p*4/10*11. Calculate the greatest common divisor of i and j.
10
Let j be (1872/(-216))/(2296/(-1146) - -2). Calculate the highest common factor of 13 and j.
13
Suppose 3*b - i = 3*i + 134, 0 = -5*b - i + 208. Suppose -6 = 39*r - b*r. Suppose r*d - 92 + 8 = 0. What is the greatest common divisor of 84 and d?
42
Let k(h) = -6*h**2 - 78*h + 17. Let d be k(-12). What is the highest common factor of d and 445?
89
Let n = -134 - -137. What is the highest common divisor of 18 and n?
3
Let s(j) = -j**3 + 12*j**2 + 5*j + 40. Let v be s(8). What is the highest common divisor of v and 126?
42
Let g(a) = -a**2 - 7*a. Let b(d) = -d**2 - 7*d + 1. Let c(n) = 5*b(n) - 4*g(n). Let o be c(-7). Calculate the highest common divisor of o and 2.
1
Let t = -240 + 284. Calculate the greatest common factor of t and 55.
11
Suppose 4960 = 15*b + 47*b. Calculate the greatest common factor of b and 620.
20
Suppose w - 140 = 32. Let h = -88 + w. Let y be h/10 - (-10)/(-25). Calculate the highest common factor of 24 and y.
8
Suppose 10*x - 2707 = -817. What is the greatest common factor of 14 and x?
7
Let u be (11 - 1)*784/140. What is the greatest common factor of u and 8?
8
Suppose 0 = -2*s + 1247 - 129. Calculate the highest common factor of 13 and s.
13
Let i = -54 - 2. Let f = 119 + i. What is the greatest common divisor of 21 and f?
21
Let b(o) be the third derivative of -o**4/12 + 7*o**3/2 - 5*o**2. Let u be b(4). What is the greatest common factor of 39 and u?
13
Suppose -4*a - 23 + 7 = 0. Let d(c) = -23*c + 2. Let w be d(a). What is the highest common factor of w and 235?
47
Suppose -4*l = -66*r + 61*r + 57, 3*r = -7*l + 6. Suppose -3*b + 2 + 25 = 0. Calculate the highest common factor of b and r.
9
Suppose 0 = -5*n - 2*s + 743, -3*n + s = -2*s - 429. Calculate the greatest common divisor of n and 98.
49
Suppose 4*s = -2*a - 64 + 208, -a - 4*s + 64 = 0. Let r = 17 + -1. Suppose -y + r = y. Calculate the greatest common factor of y and a.
8
Let s = 114 + -84. Calculate the greatest common divisor of s and 90.
30
Let l = -2410 - -3460. Let v be l/9 - (-1)/(-3)*-1. Let j be -1*15*-1 - 2. Calculate the greatest common factor of v and j.
13
Let k(f) = f + 23. Let c be k(19). Let a = 25 - -31. Calculate the gre